- c - 10, 5*h = 4*c + 47. Calculate m(h).
-8
Let t(m) = -m**3 - 23*m**2 - m - 20. Suppose -59 - 15 = 4*z + 3*k, 0 = -4*z + k - 98. Give t(z).
3
Let d(l) = 45*l**2 - 3*l - 1. Let p be d(-1). Suppose 2*r - 19 = -4*u + 3*u, 3*u + 4*r - p = 0. Suppose 0 = -y + u - 1. Let x(j) = j**3 - 8*j**2 - 3. Give x(y).
-3
Let i(r) be the first derivative of r**4/4 + 4*r**3/3 - 4*r**2 - 6*r - 42. Let d = 66 - 71. Calculate i(d).
9
Let f(g) = g**2 + g + 6. Suppose -301 + 351 = 10*z. Calculate f(z).
36
Let n(r) be the second derivative of r**4/12 + 5*r**3/2 + 67*r**2/2 + 255*r. What is n(-9)?
13
Let f(g) = 5*g - 25. Suppose 0 = 5*s - 2*i - 42, -20*s + 25*s = -2*i + 58. Calculate f(s).
25
Let r(x) = -x**3 - 10*x**2 + 5*x - 66. Let b be r(-11). Suppose b = 9*g - 10 + 46. Let h(m) = m**3 + 3*m**2 - 2*m + 1. Determine h(g).
-7
Let b = 12262 + -12288. Let i(k) = k**3 + 25*k**2 - 29*k - 52. Give i(b).
26
Let j(r) be the first derivative of -2*r**3/3 - 97*r**2/2 - 231*r - 12099. What is j(-46)?
-1
Let k(u) = -u**2 + 16*u - 32. Let t be k(15). Let r = t - -28. Let w(c) = 1 - r - 1245*c**2 + 10*c + 1244*c**2. Calculate w(9).
-1
Suppose -4*f - 43 = 5*d, -4*d - 21 = -5*f - 3. Let o be d/(-3) - (-108)/(-81). Let s(m) = -1 - 3 + 4 + o + 4*m. Determine s(1).
5
Suppose -4*j + 5*s + 0 + 13 = 0, 5*j - 3*s - 26 = 0. Suppose -5*m + j*m = 6. Let w(i) = -7 + 8 - m*i - 5. Give w(-5).
11
Suppose -2*w + 3*v = -15 + 7, 5*w - 2*v - 20 = 0. Let y(x) = x**3 - 67*x**2 + w + 62*x**2 + 0. Give y(5).
4
Let w(z) be the third derivative of 0*z**5 - 1/60*z**6 + 0*z - 1/6*z**3 + 0*z**4 + z**2 + 0. Let s = -9401 - -9402. Calculate w(s).
-3
Let d be -6207*((-24)/18 + -2) + 2. Let a(s) = 20714 + 6*s - 5*s - d. Determine a(-19).
3
Suppose v - 19 = -20. Let d be v - 5 - (-36)/3. Let l(t) = t**2 - 8*t + 8. Give l(d).
-4
Let p(g) = g**3 - 5*g**2 - 3. Suppose -4*b - 4*x - 20 = 0, 4*b - 7*x + 20 = -3*x. Let n be 20/6*(-6)/(-2). Let w = n + b. Give p(w).
-3
Let f(v) = -v**3 - 2*v**2 + 3*v + 1. Suppose -10*o + 18*o - 300 = -92*o. Give f(o).
-35
Suppose -6 = v - 5*s + 3*s, -4*v + s = 3. Suppose 0 = -l - v - 9. Let i(f) = f + 3. Calculate i(l).
-6
Let y(t) = 3*t**3 - t**2. Let w be y(-1). Let g(x) = -10243*x**3 + 11*x + 10. Let q be g(-1). Let m(i) = -2*i**2 + 20482*i - q*i + 1 - 10245*i. Determine m(w).
-11
Let o(h) = h**3 - 7*h**2 + 8*h + 15. Let y = -1558 + 1565. Determine o(y).
71
Let a(b) be the second derivative of -b**5/20 - 2*b**4/3 + b**3/3 - 3*b**2/2 + 4*b - 118. What is a(-4)?
-75
Let w(v) be the second derivative of v**5/20 - v**3/3 + v**2 - v. Suppose 0 = i - 589*z + 586*z - 20, 3*i - 12 = z. Give w(i).
6
Let c(z) = -2*z + 2. Let q = 254 + -246. Let t be (q/(-12) + 1)/(5/(-45)). What is c(t)?
8
Let y(p) be the third derivative of p**6/120 + 7*p**5/60 - 3*p**4/8 - 5*p**3/2 + 6*p**2 - 14*p + 1. What is y(-8)?
-7
Let u(i) be the first derivative of -3*i**2 - 8*i + 1169. Calculate u(4).
-32
Let s(c) = -90 + 34 + 47 - c. Let q be 6/(-20) - (-2508)/(-440). Determine s(q).
-3
Let p(l) = -1. Suppose 3*i = -5*y + 3 - 65, 5*i = -3*y - 114. Let c = i + 22. Let u(j) = -j**2 + 5*j - 1. Let z(b) = c*p(b) - u(b). What is z(5)?
3
Let b(l) = 2*l**2 - 7*l + 5. Suppose 1685*g = 1689*g - z - 19, 5*g = 5*z + 35. Determine b(g).
9
Let q(z) = -z**2 - 7*z + 6. Let w(a) = -2*a**2 + 14*a + 241. Let n be w(15). Give q(n).
-2
Let j(z) = 4*z**2 - 6*z - 2. Let m(a) = -5*a**2 + 5*a + 3. Let c(v) = -4*j(v) - 3*m(v). Suppose 0 = -2*s - 22 - 70. Let r = -38 - s. Give c(r).
7
Let b = 96 - 81. Let g be 186/b - (-6)/(-15). Let f(z) = g + 5 - 12 + 3*z. Calculate f(4).
17
Let f(x) = -72*x - 28. Let k(s) = -13*s - 5. Let b(w) = -5*f(w) + 28*k(w). Let o = -144 + 254. Let t be (-2)/(-2)*(o/11 - 11). Calculate b(t).
4
Let s(f) = f + 125. Let b(t) = t + 108. Let p(d) = 7*b(d) - 6*s(d). What is p(-5)?
1
Let c = -68 - -64. Let n be 4/((-9)/((-36)/(-8)) - c). Let b(w) = -2*w + 5*w - 2436*w**2 + 2435*w**n + 2. What is b(4)?
-2
Let n be (-64)/(-5) + (-3)/(-15). Let p(z) = -2 - n*z - 15*z + 21*z. Give p(-2).
12
Let f be 52*(5 - 1)*11/44. Suppose -f*s + 50*s = 12. Let u(y) = -7*y - 17. Let n(g) = 4*g + 8. Let k(d) = 5*n(d) + 3*u(d). Give k(s).
-5
Let l(z) be the first derivative of 9*z**2 - z - 3679. Let y(u) = -u**2 - 7*u + 1. Let g be y(-7). Calculate l(g).
17
Let y(k) = 13*k - 7. Let w be y(8). Let o = -94 + w. Let b(h) = -h**3 + 5*h**2 - 2*h + 2. What is b(o)?
14
Suppose -5*v = -2 - 23. Suppose -5*m + 8*u + 15 = 3*u, 0 = 3*m + v*u + 31. Let p(l) = -l**2 - 2. Calculate p(m).
-6
Suppose 5*z - 613 + 622 = -2*m, -66 = -4*m + 2*z. Let s(t) = -6*t + 55. What is s(m)?
-23
Let q be (4 + -7)/(-3) - 1*-248. Let f = q + -248. Let p(x) = -7*x**3 + 3*x**2 - x - 1. Give p(f).
-6
Let s(z) = z**3 + 3*z**2 - 5*z - 4. Let a(t) = 144 + 3*t + 3*t - 44 - 2*t. Let w be a(-26). What is s(w)?
0
Let c(d) = -25*d + 35. Suppose -45 = 5190*m - 5235*m. What is c(m)?
10
Let z(g) = g**3 - 6*g**2 - 3*g - 13. Suppose -25*p + 24*p - 3*h + 12 = 0, p + 5*h = 16. Calculate z(p).
-31
Let x be 5/(((-175)/(-10))/7). Let j(g) = 10*g + 9*g**2 + 5*g**2 - 3 - 25*g**x + 5*g**2. Let i(q) = -q**2 + q - 1. Let a(k) = 5*i(k) - j(k). Calculate a(6).
4
Let i(g) = 5*g - 48. Suppose 36 = -1803*a + 1806*a. What is i(a)?
12
Let u = -2154 + 2147. Let v(w) = -2*w**3 - 13*w**2 + 9*w + 8. Determine v(u).
-6
Suppose -4*q = -5*t + 2, -5*q + 160 = 3*t + 181. Let x(d) = d**2 + 7*d + 17. Determine x(t).
7
Suppose 4*x - 44 = -k - 2*k, 2*k + 8 = 2*x. Let u(g) = -2 - 23*g**2 - 7*g - 15 - 13*g**2 + 74*g**2 - 17*g**2 - 20*g**2. Determine u(x).
-9
Suppose -12*d = -16*d - 8. Let v(l) = -l. Let m be v(d). Let s(i) = -1 - 4*i**2 - 11*i**2 + 21*i**m - 5*i**2 + 4*i. Determine s(-5).
4
Let j(g) = 23*g**2 + 36*g + 1. Let q be j(-2). Suppose q = 10*n + 1. Let w(b) = b. Determine w(n).
2
Let g be (-5)/4*(4 + 0). Let u(r) = 7 + 0 - 5020*r + r**2 + 5027*r. Determine u(g).
-3
Let j(v) be the third derivative of 11*v**4/24 - 31*v**3 + 1333*v**2. What is j(17)?
1
Let b(a) be the third derivative of -a**4/24 + 4*a**3/3 + 7*a**2. Suppose 3*m + 6 = 18, -5*k - 4*m + 1361 = 0. Let l = -262 + k. Calculate b(l).
1
Let v(y) = 11604*y**3 - 11605*y**3 + 5*y + 3 + y**2 - 5*y + 2*y. What is v(0)?
3
Suppose -14 = -2*c - 10. Let y(p) = -3623*p + 3622*p + 4 + c. What is y(12)?
-6
Suppose -3*g = -7*a + 20, -1 = 4*a + 3*g - 3. Let x(u) = -u**3 + u**2 + u - 4. Determine x(a).
-6
Let c(o) = 17*o**2 + 2*o - 19. Let f(n) = -31*n**2 - 5*n + 37. Let i(m) = -11*c(m) - 6*f(m). Give i(5).
2
Suppose 0 = v - 5*i - 32, -2*v + 10 = -4*i + 3*i. Let p(l) = 4*l - 7. Let f(c) = 1. Let g(o) = 4*f(o) + p(o). What is g(v)?
5
Let l(u) = 13*u - 538. Let t(f) = -59. Let p(q) = l(q) - 4*t(q). What is p(23)?
-3
Let l = 263 + -260. Let c(r) = 3 + 16*r + 17*r - 29*r - 6. Give c(l).
9
Let p = 212 - 207. Let h(b) = -20*b + 9*b + 10*b - p + 21. Determine h(0).
16
Let n(m) be the second derivative of m**4/12 + 3*m**3/2 + m**2 - 954*m - 7. Let j(v) = 10*v**3 - v. Let b be j(-1). Calculate n(b).
2
Let f(j) = -20 + 5 + 5 + j**2 + 6*j + 2. Suppose d + 4*h + 9 + 0 = 0, -5*h = 3*d + 27. Let l = 2 + d. Calculate f(l).
-1
Suppose -166 + 160 = -3*n. Let a(x) = -94*x**2 + 262*x**2 - 92*x**n + x - 95*x**2. Give a(1).
-18
Let p(o) = 47 + 1 + 269*o + 30 - 293*o. Calculate p(4).
-18
Let t(k) = -4*k**2 - k + 5. Suppose -5*c + 64 - 79 = 0. Give t(c).
-28
Let f(s) = 90 - 26 - 2*s - 44 - s. Let k be 0 + (12/30)/((-1)/(-20)). Determine f(k).
-4
Let l(o) = 11*o - 3. Let t = -33 - -37. Let b be l(t). Let y = b - 37. Let s(k) = k + 4. Determine s(y).
8
Let v(k) = 1 - 5*k - 12*k**2 - 19*k**2 - 17*k**2 + 51*k**2 + 10*k**3. Let w be v(1). Let c(n) = n**3 - 9*n**2 + 4*n + 2. Give c(w).
38
Suppose -d - 17*z = -22*z + 22, -d + z + 2 = 0. Let w(m) = -m**3 + 8*m**2 - 12*m + 6. Calculate w(d).
-90
Let j(p) be the third derivative of p**6/120 - p**5/6 + 7*p**4/24 + 2*p**3 + 25*p**2. Let b = -873 - -882. Calculate j(b).
-6
Let f(w) = -w**2 + 50*w - 233. Suppose 0 = q + 2*v - 3, 3*v - 63 = -66. Give f(q).
-8
Let a(s) = -s + s**2 + 1 + 0*s**3 - 4*s**3 - s**3. Suppose 129*g - 24 = 121*g. Let v be (2/(-4))/(g/12*-2). Determine a(v).
-4
Let v = -470 - -567. Suppose -4 = -96*m + v*m. Let p(x) = -x + x**3 + 3*x**2 - x - 4 - 4*x. Give p(m).
4
Let y(x) = x**3 - x**2 + x - 13. Suppose 22*t - 15 = 19*t, t - 5 =